)/8). Let g = 5 - -3. Calculate the remainder when g is divided by 1/((1/m)/((-30)/(-12))).
3
Let a(h) = -17*h - 4. Let w be a(5). Let i = 159 + w. Suppose -5*m + i + 45 = 0. Calculate the remainder when m is divided by 8.
7
Let s(y) = y**2 - 5*y + 3. Suppose -3*j + 0*h = -h - 12, 0 = 3*j - 4*h - 21. Let m be s(j). What is the remainder when 16*m*1/(-2) is divided by 7?
3
Suppose 8*x = -1008 + 1120. Let z(s) = -s**3 - 5*s**2 - s - 6. Calculate the remainder when z(-6) is divided by x.
8
Suppose 0 = 6*b - 17*b + 165. Calculate the remainder when 119 is divided by b.
14
Suppose -4*c + 18*o + 104 = 23*o, -2*c + 3*o + 52 = 0. Calculate the remainder when 55 is divided by c.
3
Let t = 43 + -45. Calculate the remainder when (-1)/t*(103 - (-1)/(-1)) is divided by 13.
12
Suppose 362 = 4*k + 31*u - 29*u, 0 = 3*u - 9. What is the remainder when k is divided by 70?
19
Suppose -p + 5*j + 332 = 0, 2*p + 980 = 5*p + j. Calculate the remainder when p is divided by 22.
19
Let y(z) = -89*z**2 - 2*z. Let h be y(-1). Let c = -76 - h. Calculate the remainder when c is divided by 3.
2
Let b be 2848/(-144) - ((-2)/(-9) - 0). Let r(z) = -8*z**3 - z**2 + z - 1. What is the remainder when r(-2) is divided by (-328)/b + 4 - (-4)/(-10)?
17
Suppose 0*y + 3*y + 2*l - 43 = 0, 0 = -3*l - 12. Calculate the remainder when 441 is divided by y.
16
Suppose 5*f + 5*r = -20, -4*r - 17 = f - 1. Suppose -4*b + b + 66 = f. Calculate the remainder when 65 is divided by b.
21
Let c(h) = -10*h + 13. What is the remainder when (-1 - -6) + -2 + 0 is divided by c(1)?
0
Let n = 239 + -206. Calculate the remainder when n is divided by 12.
9
Suppose 0 = 4*w - 904 + 856. Suppose 4*v + 83 + 7 = -5*a, -5*v = -4*a - 31. Let b = 36 + a. Calculate the remainder when b is divided by w.
10
Let u(x) = 3*x**2 + x - 2. Suppose -5*k + 9 = -4*a, a - k - 12 = -13. What is the remainder when u(3) is divided by a?
0
Let y(h) be the first derivative of -5*h**2/2 + 15*h - 2. Let x be y(6). Calculate the remainder when (-88)/(-6) + (-5)/x is divided by 4.
3
Let z(j) = -j + 5. Let o be z(-9). Calculate the remainder when 27 is divided by ((-40)/6)/(o/(-21)) - 0.
7
Suppose -4*y + 726 + 363 = 5*f, 4*f = y - 288. Calculate the remainder when y is divided by 35.
31
Let g = 545 + -468. Calculate the remainder when g is divided by 8.
5
Calculate the remainder when 1873 is divided by -19 - -7 - (18 - 55).
23
Suppose -5*l - 5*w = 13 - 133, -3*w = 4*l - 91. Calculate the remainder when 87 is divided by l.
11
Let a(n) = -n - 7. Let g be a(8). Let w = -13 - g. Suppose -4*s + 40 = 2*c, -3*s - 35 = -w*c + 26. Calculate the remainder when 103 is divided by c.
25
Let w(z) = 17*z + 326. Calculate the remainder when 550 is divided by w(-17).
32
Let z(d) = 11*d - 5. Let p(i) = 0*i - 5 - i + 5*i + 1. What is the remainder when z(9) is divided by p(7)?
22
Let v(d) = -39*d - 3. Suppose -5*i + 3 = -2*k, -2*k = -4*i + i + 1. Suppose -i = m + 1. What is the remainder when v(m) is divided by 20?
15
Suppose 3*y - 7850 = 4*s - 8*s, -2*s = -5*y + 13118. Calculate the remainder when y is divided by 15.
12
Let p = -93 - -120. Calculate the remainder when 485 is divided by p.
26
Let j = -18 + 7. Let r = j - -13. Suppose -4 = r*g - 30. Calculate the remainder when 37 is divided by g.
11
Suppose x = 3*x + 4. Let c(h) = 3*h**2 - h - 1. Suppose 2*k - 2 = 0, 2*k - 69 = -3*b + 5*k. What is the remainder when b is divided by c(x)?
11
Suppose -d = -n + 310, 5*n + 3*d - 577 = 957. What is the remainder when n is divided by 62?
60
Let a be 6/14 - (-1976)/28. Suppose -4*y - a = -4*v - 11, -4*v = 3*y - 46. Calculate the remainder when 36 is divided by v.
10
Let p = 1119 - 1085. Calculate the remainder when 109 is divided by p.
7
Let q = -48 + 76. Let o = 126 + -24. What is the remainder when o is divided by q?
18
Let i = -17 + 38. Let f = 2 + 1. Let j(c) = 2*c. Calculate the remainder when i is divided by j(f).
3
Suppose 5*a = 3*c - 5, 2*a - 3*c - c = -16. Suppose -25 - 4 = -2*d - o, -a*o - 6 = 0. Suppose -2*k + k = -61. Calculate the remainder when k is divided by d.
13
Suppose 4*p + 3*f - 71 = -15, 2*f = 0. Suppose 15 = 5*d - 0*d. Suppose 4*i - j = j + 110, 0 = -5*i + d*j + 140. Calculate the remainder when i is divided by p.
11
Suppose 12 = 4*l - 20. Let b(o) = -9 + 0*o**2 - 4*o**2 - 2*o + 5*o**2. What is the remainder when b(l) is divided by 20?
19
Suppose -4*f = -27*l + 22*l - 78, -5*f - 5*l = -120. Let r(n) = -n**3 - n + 41. Let p = -2 + 2. What is the remainder when r(p) is divided by f?
19
Let f be (-2)/4 - (-14)/4. Let l = 117 - 117. Suppose l = f*j - 211 + 1. What is the remainder when j is divided by 18?
16
Let u = 74 - 35. Let x = 25 - 20. Suppose -4*j = -x*p - 31, j + 5*p - 95 = -4*j. Calculate the remainder when u is divided by j.
11
Suppose 5*p + 73 = q + 6*p, 2*q - 145 = -p. Suppose -3*k + 16 = -59. Calculate the remainder when q is divided by k.
22
Suppose 14*f - 936 = 114. Calculate the remainder when f is divided by 9.
3
What is the remainder when 353 is divided by (2/(-22)*-11)/((-2)/(-142))?
69
Let i(z) = -15*z**2 + 202*z + 12. Calculate the remainder when i(13) is divided by 28.
19
Let j(l) = 4*l + 2. Let g(s) = -s**3 + 6*s**2 - 6. Let c be g(6). Let k be 12/8*(-16)/c. What is the remainder when 69 is divided by j(k)?
15
Suppose 2*p + 0*p - 87 = 3*t, -4*p = t - 153. Suppose 0 = -4*c + 3*j + 27, 5*c - j - j = p. Calculate the remainder when 14 is divided by c.
5
Let g(y) = 3*y**2 + 2*y - 1. Let i(d) = -5*d + 13. What is the remainder when i(-5) is divided by g(-3)?
18
Let o(c) be the second derivative of 2*c**3 + c. Suppose 0*y + 3*y - 4 = -a, a - 6 = -5*y. Calculate the remainder when o(a) is divided by 5.
2
Suppose -u = -6 + 3. Suppose 0 = 37*h - 33*h. Suppose h = -u*b + b - 8, 5*d - 258 = 2*b. What is the remainder when d is divided by 13?
11
Suppose 10*v - 68 = 6*v. Suppose n - 22 + v = 5*i, 0 = 5*n - 4*i - 67. What is the remainder when 44 is divided by n?
14
Suppose -q - 2*q + 3*o + 36 = 0, 0 = q + 4*o - 2. Calculate the remainder when 25 is divided by q.
5
Calculate the remainder when (-3 + 40/12)*141 is divided by 8.
7
Suppose 10*s - 5*s - 4*f = 163, 3*s + 2*f = 111. Let c = s - 16. What is the remainder when 56 is divided by c?
18
Suppose 20 = z + 4*z. Let s = z - 3. What is the remainder when 7 - (5 + -2 + 5 - 4) is divided by s?
0
Let i(b) = 5*b - 9. Suppose -3*n - 2*h - 22 = -7*n, -4*n = h - 19. Calculate the remainder when 31 is divided by i(n).
15
Suppose 3*w = -a + 157, -18*a - 69 = -w - 15*a. Suppose 3*t = -4 - 89. What is the remainder when w is divided by t/(-3) - 6/(-9)?
10
Let i(l) = 5*l - 9. Suppose 2*h - 3*w - 14 = 0, 4*h - 28 = -3*w + w. Calculate the remainder when 49 is divided by i(h).
23
Suppose 3*k - 2*j + 4*j - 16 = 0, 3*j - 26 = -5*k. Suppose 2*x - k*x + 12 = 0. Suppose s - 23 = -x. Calculate the remainder when 31 is divided by s.
14
Suppose 194*s + 117 = 197*s. What is the remainder when 68 is divided by s?
29
Let m(g) be the third derivative of -g**5/60 + g**4/3 - g**3 + 20*g**2. Calculate the remainder when 26 is divided by m(5).
8
Let y(x) = 2*x**2 + 36*x - 6. What is the remainder when y(-22) is divided by 97?
73
Let y(h) = -h**3 + 23*h**2 + 2*h - 42. Calculate the remainder when 13 is divided by y(23).
1
What is the remainder when 618 is divided by 13/(650/(-880))*-5?
2
Let a = -14 - -25. Suppose 16*l - 172 = -4*r + 12*l, -r = -3*l - 43. What is the remainder when r is divided by a?
10
Suppose 0 = 2*j - 5*j + 24. Suppose -2*z + j = -86. What is the remainder when z is divided by 12?
11
Let h = -84 + 204. Let z = h + -71. What is the remainder when z is divided by 17?
15
Let j = -79 + 24. Let q = -8 - j. Calculate the remainder when q is divided by 17.
13
Suppose 4*z + 4*c = -16, 5*z - 3*c = -13 - 31. Let d = z - -12. Suppose -4*j + 5*a + 94 = 13, -d*a = -j + 39. Calculate the remainder when j is divided by 8.
6
Let g = -3 + 3. Suppose 5*t + g*t - 15 = 0. Let w(l) = l**2 - 5*l + 9. Calculate the remainder when t is divided by w(3).
0
Suppose 0 = 4*h - b + 3 + 1, 2*h - 3*b = -12. Suppose 4*t - 5 + 1 = h. Suppose 0 = y + 4*a + t + 2, -5*a = 15. What is the remainder when 52 is divided by y?
7
Suppose -8*o + 11*o - 60 = 0. What is the remainder when 57 is divided by o?
17
Suppose -5 = -3*u - 8. Le